 4, what is -20 - 123331323?
-123332003
In base 15, what is -1e858 - -2?
-1e856
In base 2, what is 111100110111110110100 + 0?
111100110111110110100
In base 5, what is -4010 + -120?
-4130
In base 5, what is 3 - -112002?
112010
In base 16, what is 23 + -3b9?
-396
In base 14, what is 6d + -1496?
-1427
In base 7, what is -14105 - -34?
-14041
In base 15, what is 2 + -44e87?
-44e85
In base 3, what is -2122 + -2111?
-12010
In base 15, what is -7c - -b3b?
aae
In base 2, what is -10 + 10011001110011000001?
10011001110010111111
In base 16, what is -a13 + 1e?
-9f5
In base 8, what is 40 + 1244?
1304
In base 2, what is 10 - -1010101010010111111?
1010101010011000001
In base 15, what is -11ca11 + -5?
-11ca16
In base 8, what is 100 - 16?
62
In base 9, what is 63 - -230?
303
In base 10, what is -44 - -26?
-18
In base 2, what is 100 - 11001101101101?
-11001101101001
In base 9, what is 18364 + -4?
18360
In base 14, what is -3cb7 - -1d?
-3c98
In base 8, what is 417 - 137?
260
In base 16, what is -392 - 542?
-8d4
In base 10, what is 464 - 43?
421
In base 14, what is 58 + 805?
85d
In base 3, what is -11 + -110121111?
-110121122
In base 7, what is -21 + -433634?
-433655
In base 14, what is -a9 + 119?
50
In base 16, what is 7 + ea?
f1
In base 5, what is 2 - 120432?
-120430
In base 2, what is -10100000 + -11001011010?
-11011111010
In base 12, what is -5 - -90b9?
90b4
In base 15, what is 92 + -172?
-d0
In base 13, what is -1 + -12754?
-12755
In base 3, what is -2102112222 + -1011?
-2102121010
In base 8, what is -41 + -5650?
-5711
In base 16, what is 6 + -1efdd?
-1efd7
In base 13, what is 3c24 - 1b?
3c06
In base 13, what is 8994 - 0?
8994
In base 7, what is 10360 + 4?
10364
In base 11, what is -4 - 127584?
-127588
In base 12, what is -30 - -3?
-29
In base 3, what is -112 - 2112001?
-2112120
In base 13, what is -15a8 + 6ab?
-bca
In base 13, what is 1 - -22929?
2292a
In base 12, what is -70 + 76?
6
In base 11, what is 68 + 702?
76a
In base 7, what is 5 + 3010566?
3010604
In base 12, what is -a936 - 5?
-a93b
In base 6, what is 1 - -22420213?
22420214
In base 3, what is -122220001000 - 0?
-122220001000
In base 14, what is -4d3 - -b2?
-421
In base 11, what is -46 - -a651?
a606
In base 16, what is 1b4f + -2c?
1b23
In base 5, what is -1333 - 20302?
-22140
In base 3, what is 122 - -11020200?
11021022
In base 2, what is -100 + -100101001001110?
-100101001010010
In base 11, what is -31a61 - 2?
-31a63
In base 5, what is -4 - 24200?
-24204
In base 7, what is 4413 + -24?
4356
In base 15, what is 1d4 + 29a9?
2b8d
In base 15, what is 59e24 - b?
59e18
In base 6, what is 54 - -504144?
504242
In base 11, what is -52955 + 6?
-5294a
In base 6, what is 41254 + -4?
41250
In base 14, what is -573 + -1233?
-17a6
In base 13, what is 532 - 19?
516
In base 7, what is 4023 + 135?
4161
In base 3, what is 1 + -221021221101?
-221021221100
In base 15, what is 5a - -16c?
1c7
In base 5, what is -24041 - -2?
-24034
In base 10, what is -3 + -1093599?
-1093602
In base 10, what is 582 + 7?
589
In base 6, what is 4 - -15355?
15403
In base 8, what is 1 + 2751410?
2751411
In base 9, what is 20 + 31265?
31285
In base 10, what is 118 + 700?
818
In base 9, what is -135 + -1226?
-1362
In base 14, what is -8b4 + -22b?
-b01
In base 2, what is 1 - 111000100001010100?
-111000100001010011
In base 7, what is -163621 - -4?
-163614
In base 14, what is -5 + -24542?
-24547
In base 11, what is 2 + -a745?
-a743
In base 14, what is 11d9 - 12?
11c7
In base 13, what is -84ac7 + -4?
-84acb
In base 11, what is 1 - -5991?
5992
In base 16, what is 131 + -eab?
-d7a
In base 7, what is -3562463 + -4?
-3562500
In base 12, what is -1 + 33a9?
33a8
In base 9, what is 2 - 778744?
-778742
In base 5, what is -4143111 + -3?
-4143114
In base 8, what is -423 - -24?
-377
In base 6, what is 2 + 535152?
535154
In base 4, what is 12021233 + -10?
12021223
In base 11, what is 10392 - -14?
103a6
In base 14, what is -984 - -c?
-976
In base 2, what is 100110 - 110001100111000101?
-110001100110011111
In base 13, what is -2909 + -4?
-2910
In base 16, what is -15420 - 0?
-15420
In base 10, what is -38 - 5570?
-5608
In base 11, what is -85 + -1272?
-1347
In base 3, what is 10202012 + 1022?
10210111
In base 13, what is -2 - -230196?
230194
In base 3, what is -200211222 + -1?
-200212000
In base 13, what is 2 + -9a69?
-9a67
In base 6, what is 5311240 - 1?
5311235
In base 3, what is 22 - -1110110202?
1110111001
In base 13, what is -19a + -281a?
-29b7
In base 9, what is 12805 + 17?
12823
In base 14, what is 89 - -7c9?
874
In base 13, what is -15 + -1532?
-1547
In base 13, what is -cc - 1c7?
-2c6
In base 4, what is 3113133 - 210?
3112323
In base 14, what is 99c10 + -5?
99c09
In base 10, what is -499 + 2261?
1762
In base 3, what is 1202021 + -102?
1201212
In base 12, what is -11 + 442?
431
In base 5, what is 1 - 1043424?
-1043423
In base 9, what is 2 - -345513?
345515
In base 15, what is -2 - -7390?
738d
In base 9, what is -735 - 4555?
-5401
In base 12, what is -14 + 8783?
876b
In base 8, what is 61 - 6133?
-6052
In base 9, what is 3 + -40805?
-40802
In base 11, what is 2 - -60a3?
60a5
In base 10, what is 805 + 85?
890
In base 5, what is 4310231 - 0?
4310231
In base 15, what is 3 + 46da8?
46dab
In base 16, what is a9be + -b?
a9b3
In base 15, what is -4 - 326a?
-326e
In base 13, what is -454 + -27?
-47b
In base 12, what is -3 - 3ba70?
-3ba73
In base 4, what is 2201 - 21111?
-12310
In base 10, what is 2 - -34753?
34755
In base 7, what is -12352223 + -5?
-12352231
In base 5, what is -14 + -134342?
-134411
In base 4, what is -123013 - 12023?
-201102
In base 9, what is -1071 + -28?
-1110
In base 4, what is 3 + -321121?
-321112
In base 15, what is 3 + 136478?
13647b
In base 13, what is -1 - -1c3?
1c2
In base 2, what is 11 - 1000110000?
-1000101101
In base 12, what is -1 - -11b0?
11ab
In base 16, what is -39e597 + 5?
-39e592
In base 13, what is -2 - 46ca?
-46cc
In base 12, what is -383 + -148?
-50b
In base 12, what is 599 + -153b?
-b62
In base 6, what is 411114 - 2?
411112
In base 13, what is 25 + -1504a?
-15025
In base 7, what is 5 - 50563?
-50555
In base 5, what is 2203322 + 14?
2203341
In base 16, what is -23c512 - 1?
-23c513
In base 2, what is -11110000000000 + -111?
-11110000000111
In base 14, what is 1300 + d?
130d
In base 10, what is 2608648 - -3?
2608651
In base 11, what is 17 + -189274?
-189258
In base 2, what is -100 - -11011010111?
11011010011
In base 16, what is 1bd + -224?
-67
In base 9, what is 1625 - 2?
1623
In base 16, what is 9 - -20605?
2060e
In base 4, what is 201 + -1000231?
-1000030
In base 9, what is 217 + 384?
612
In base 11, what is 28862 - -1?
28863
In base 15, what is 3 + e754?
e757
In base 2, what is 1110111100101 + 1010101?
1111000111010
In base 6, what is -41341 - -14?
-41323
In base 13, what is -211 + -63a?
-84b
In base 11, what is 12318 - 1?
12317
In base 11, what is -153a21 - -2?
-153a1a
In base 9, what is 50 + -216?
-156
In base 13, what is -5 + 3745b?
37456
In base 6, what is 10543 - -4?
10551
In base 10, what is 731 + -322?
409
In base 6, what is -2035252 - -1?
-2035251
In base 11, what is -10 + -591?
-5a1
In base 4, what is 3 - 2312022303?
-2312022300
In base 16, what is 1 - -1f6e3?
1f6e4
In base 15, what is 8 - -5022?
502a
In base 10, what is -72 - -39?
-33
In base 13, what is -9a - -5a?
-40
In base 12, what is -4489 - -73?
-4416
In base 11, what is -38982 - -5?
-38978
In base 6, what is -1 - 31110?
-31111
In base 13, what is -7b5 + -c3?
-8a8
In base 8, what is 2 - 3761?
-3757
In base 14, what is 95 + -645?
-590
In base 14, what is -1acb - 1?
-1acc
In base 3, what is 100111 + -110012?
-2201
In base 15, what is -1a + -345?
-360
In base 11, what is -82269 + -8?
-82276
In base 3, what is 10 - 1110212112110?
-1110212112100
In base 5, what is 23204 - -224?
23433
In base 9, what is -135487 - -13?
-135474
In base 3, what is -10 + -2120210112?
-2120210122
In base 2, what is 11011100000011000 - 11?
11011100000010101
In base 12, what is 767 + -34?
733
In base 5, what is 4 + 3223303?
3223312
In base 14, what is -2 - 23ad8?
-23ada
In base 15, what is -a - 62?
-6c
In base 7, what is -53 + 335?
252
In base 2, what is -101 - 110100101111?
-110100110100
In base 11, what is 1291 - 1a9?
1093
In base 3, what is -10122000 + -111112?
-11010112
In base